058 + 34993. What are the prime factors of h?
5, 13, 199
Let k(v) = 2*v**3 - 5*v**2 - 5*v - 3. Let u(c) = 20*c - 24. Let q(x) = 7*x - 8. Let j(y) = 17*q(y) - 6*u(y). Let f be j(3). List the prime factors of k(f).
97
Suppose -5*g = -0*g + 5715. Let w = g - -1620. What are the prime factors of w?
3, 53
Let i(x) = x**2 + 8*x + 15. Let o be i(-6). Let w(v) = 40 + 3*v**2 + 5*v**2 - 27. What are the prime factors of w(o)?
5, 17
Suppose 3*l = -247 - 374. Let u be (-3212)/18 + (-92)/l. Let k = u - -253. List the prime factors of k.
3, 5
Suppose 3*u - 4*w = -0*w - 1918, 3*u - w + 1906 = 0. Let t = u + 902. What are the prime factors of (t/(-4) - 6)/(2/(-4))?
2, 73
What are the prime factors of (571 - (-4 - -4))*748/22?
2, 17, 571
Let p(u) = -126*u**3 - 8*u**2 + u + 1. Let b(z) = -z**3 - z**2 - z + 1. Let h(v) = 5*b(v) - p(v). What are the prime factors of h(1)?
2, 61
List the prime factors of 9/15*5 + 584/12*36.
3, 5, 13
Let p = -34 - -37. Let y be p + -3 + 406*(2 - 3). Let l = -245 - y. List the prime factors of l.
7, 23
Let h(z) = 374*z**2 - 4*z + 209. What are the prime factors of h(8)?
24113
Suppose 5*t + 84605 = 5*j, 4*j - 29083 - 38591 = -t. What are the prime factors of j?
7, 2417
Let i(x) = -223*x**3 - 3*x**2 + 2*x + 5. List the prime factors of i(-2).
3, 197
Suppose 12210 = -106*z + 972782. List the prime factors of z.
2, 23, 197
Let f = -275 + 326. What are the prime factors of 1137*(f/(-9) + 6)?
379
Let d(x) = 14*x - 13. Let s(k) = -56*k + 52. Let y(q) = -9*d(q) - 2*s(q). Let p be y(4). Let g = 74 + p. What are the prime factors of g?
31
Let k(g) = 8*g + 11. Let c be k(5). Let t = 55 - c. List the prime factors of 80/6*(-1 - (-37)/t).
2, 5, 11
Let f = -3183 - 1597. What are the prime factors of f/(-6) + 13/39?
797
Suppose 54*v - 340 = -6 + 260. Let o(d) = 89*d**3 - 2*d**2 + 2. Let u be o(2). Suppose u = v*q - 2187. What are the prime factors of q?
263
Let u = 102649 + -73116. What are the prime factors of u?
7, 4219
Suppose -8*k = -15*k. Suppose x + x = -4*h - 6, -2*x - 6 = k. Suppose -2*u = -3*s + 211, h = -4*s + 3*u - 8*u + 312. What are the prime factors of s?
73
Suppose o + o - 10 = 0. Suppose -5*t - 15 = -o*p, 0 = -p + 8 - 5. Suppose 2 = s, -3*h + t*s = 5*s - 58. What are the prime factors of h?
2
Let z(d) = -4*d - 9. Let p be z(-6). Suppose 4*f + 28 = 2*w - 10, p = -3*f. Suppose 5*s + 88 = w*s. What are the prime factors of s?
2, 11
Let b = -26420 + 46333. List the prime factors of b.
19913
Suppose -832 = 3*v - w, -4*v + 4*w + w = 1124. Let n = v + 350. List the prime factors of n.
2, 37
List the prime factors of 337085/25 - (-102)/(-255).
97, 139
Suppose -x + 3*o - 170 = x, -3*x - 221 = 4*o. Let k = 9115 + -9327. Let c = x - k. List the prime factors of c.
7, 19
Suppose -18 = -2*d - 3*w, 3*d + 2*w - 12 = 10. Suppose -2*m + 3*t = -479, 5*t - d*t = 5*m - 1223. List the prime factors of m.
2, 61
Let r = -12346 + 22608. List the prime factors of r.
2, 7, 733
Let s be (-2)/1*(-18)/4. Let f be 92/3 + (-6)/s. List the prime factors of 13/5 + 12/f.
3
Suppose -25*v + 55 = -14*v. Suppose 4*i - 846 = 4*p - v*p, -3*p + 2*i + 2538 = 0. List the prime factors of p.
2, 3, 47
Let a = -179 + 309. Suppose -7*b - 3*b - a = 0. Let c(x) = x**3 + 14*x**2 + 7*x + 12. List the prime factors of c(b).
2, 3, 5
Suppose -3*j - 2 = -2. Suppose -5*g - 5*l + 1026 + 824 = j, 1880 = 5*g - 5*l. What are the prime factors of g?
373
Let n(i) = 1732*i**2 - 51*i + 181. List the prime factors of n(3).
2, 61
Let m(c) = c + 1. Let z(o) = 27*o**2 + o + 11. Let i(t) = -4*m(t) + z(t). List the prime factors of i(3).
241
Let a be -2 - -32*35/10. Let c = a + 629. What are the prime factors of c?
739
Suppose -14 = -21*u + 19*u. Suppose -11*y = -u*y - 1148. List the prime factors of y.
7, 41
List the prime factors of (4/(-8)*1)/(-7 + (-2825965)/(-403712)).
2, 83
Suppose z - 15 = 6. Let d be (-2)/(z/9 + -2). What are the prime factors of ((-39)/d)/((-3)/(-6))?
13
Let a be 1/((-2)/(-2454)) - (2 + 1). Suppose -a = -i + 288. What are the prime factors of i?
2, 3, 7
Let j = 9550 - 5823. What are the prime factors of j?
3727
Suppose 15*g - 95*g = 14*g - 222686. List the prime factors of g.
23, 103
Suppose 4*g = 4*y + 264, 32 = -3*y - 2*g - 156. Let i = 83 + y. List the prime factors of i.
19
Suppose -5*i = -23*f + 20*f + 19471, -6472 = -f - 2*i. List the prime factors of f.
2, 7, 463
Let w = 22325 - 11799. List the prime factors of w.
2, 19, 277
Suppose -2*m - 4*z - 218 = -4*m, -4*z + 531 = 5*m. Let x = -104 + m. Suppose x*l = 7*l - 940. List the prime factors of l.
5, 47
Let k be 3/7 - 36/84. Suppose k = -3*w + 56 - 77. Let a = 195 - w. What are the prime factors of a?
2, 101
Suppose -152*j - 113*j + 8749284 = -11*j. List the prime factors of j.
2, 3, 5741
Let z = 9908 + -5197. What are the prime factors of z?
7, 673
List the prime factors of 56/2072*37*(14748 + 0).
2, 3, 1229
Suppose -45*m + 11*m = 0. Suppose m = 13*o + 15*o - 34244. What are the prime factors of o?
1223
Let k(u) = -u**2 - 3*u + 2. Let w = 1 - 4. Let g be k(w). Suppose -g*y + 114 = -y. List the prime factors of y.
2, 3, 19
Suppose -5*p - 76 = 4*f, -44 = f + 11*p - 16*p. List the prime factors of (-12192)/f - (1 + 3).
2, 3, 7
Let f = -11027 + 25449. What are the prime factors of f?
2, 7211
Suppose -223 = -5*c + 377. Let s = -58 + c. List the prime factors of s + (2 - -5 - 3).
2, 3, 11
Let s(g) = 36*g**2 - 9*g + 4. Suppose -3*o - 4*b = 7, b - 8 = -2*o - 6. List the prime factors of s(o).
7, 43
What are the prime factors of 13/(-403) + (-1120280)/(-62)?
3, 19, 317
Suppose 3596989 = 170*f - 243821. What are the prime factors of f?
3, 17, 443
Suppose 240 + 12 = 7*s. Suppose 2*x + 3*d + 41 = -38, 2*d = x + s. Let f = x + 80. What are the prime factors of f?
2, 3, 7
Suppose -15*c = -14*c - 9. Suppose -567 = -c*b + 441. List the prime factors of b.
2, 7
Let h(d) = 70*d**3 - d**2 + 35*d - 249. List the prime factors of h(6).
3, 5, 17, 59
Suppose g - 4 = 0, 15*j - 11*j + 2*g = -56. What are the prime factors of -2 + 12*(-60)/j?
43
Let b be (26 - 28)/(1/(-20)). Let c be 50/((b/(-15))/(-8)). Suppose 0 = 2*l - 3*p - 486, -4*p - 83 = -l + c. What are the prime factors of l?
3, 83
Let o(n) = -1409*n**3 + 14*n**2 + 5*n + 1. Let t(g) = -704*g**3 + 8*g**2 + 3*g + 1. Let b(v) = -3*o(v) + 5*t(v). List the prime factors of b(1).
7, 101
Suppose 484*o - 483*o = 22655. What are the prime factors of o?
5, 23, 197
Let i be 4/(-14) - (-420)/98. Suppose -3215 = -5*j + 3*w, 2*j - 1260 = -0*j - i*w. List the prime factors of j.
2, 5
Let n(p) = -5*p**2 - 6*p + 6. Let w(c) = c**2 + 1. Let d(t) = n(t) + 6*w(t). Suppose 89 + 345 = 62*k. List the prime factors of d(k).
19
Let d(u) = -u**3 + 12*u**2 - 19*u - 27. Let j be d(9). Let r = 17 + j. Suppose 5*p = -0*p - 5*o + 250, p - r = 5*o. What are the prime factors of p?
2, 13
Suppose -5*y = 3*u - 210760, -4*y + 12*y = 4*u + 337216. What are the prime factors of y?
2, 11, 479
Suppose -22*a + 1043660 = 12*a - 59708. List the prime factors of a.
2, 7, 19, 61
Suppose -516 = -23*o + 519. Suppose o*b - 25346 = 16*b. What are the prime factors of b?
2, 19, 23
Let z be (-11)/(-66) - (-155517)/18. Suppose 0 = -3*f + 63*f - z. What are the prime factors of f?
2, 3
Let r = 148 + -148. Suppose -n - q = -396, -5*n - 3*q + 3117 - 1143 = r. List the prime factors of n.
3, 131
Let p be 39 + (-4 - -2)*1. Let u(o) = o**3 + 8*o**2 + 5*o - 10. Let t be u(-7). List the prime factors of (t + -5)/((-1)/p).
37
Let z(h) = h**2 + 13*h - 87. Let i be z(5). Suppose 1 + 2 = q, -i*f + 192 = 2*q. What are the prime factors of f?
2, 31
Suppose -4*x = -9*x - 3*v - 17, -x - 2 = 2*v. Let l = x + 9. Suppose 0 = -2*t + 57 + l. List the prime factors of t.
31
Let o = -2679 - -4471. Let x = -768 + o. List the prime factors of x.
2
Let p(d) = -5*d + 7*d**2 - 54*d**3 + 26*d**3 + 27*d**3. What are the prime factors of p(4)?
2, 7
What are the prime factors of (-1 - (4 - (-142926)/18))/(6/(-9))?
2, 59, 101
Let l = 34 + -30. Suppose 65 = l*n + a, -a = -5*a + 4. List the prime factors of (n/12)/((-3)/(477/(-2))).
2, 53
Let c be 120/28 - (-10)/(-35). Suppose c*p = p - 4*m + 1079, -706 = -2*p + 4*m. List the prime factors of p.
3, 7, 17
Let l(f) = -60*f**3 + f**2 - f. Let p(t) = t**2 + 5*t + 7. Let s be p(-4). Suppose -4*w = -2*z + 6 + 2, s*w - 4*z